- t**2 + t + 2 + t. Suppose -3*c + 8 = c. Suppose -5*i + h + 4*h = 15, c*i - 19 = -3*h. Give j(i).
2
Let t(b) = -5*b + 6*b - 3 + 1 - 5*b. Let d be ((-6)/4)/((-3)/4). Suppose 4*u = -d*m - 4, -3*m - m = -4*u - 16. Calculate t(m).
-10
Let f(b) = -b - 2. Let y(i) = 6*i + 20. Let v(a) = 5*f(a) + y(a). What is v(0)?
10
Let p(r) = 4*r**2 + 3*r - 1. Let v(l) = 12*l**2 + 8*l - 3. Let t(w) = 8*p(w) - 3*v(w). Suppose 13 = -17*f - 4. Determine t(f).
-3
Let f(u) = 6 + 3 + 3*u**2 - 4 - 4 - 2*u. Let m = 0 - -1. Give f(m).
2
Let g(a) be the first derivative of a**6/120 - a**5/12 + a**4/6 + 5*a**3/6 - a**2/2 - 2. Let s(t) be the second derivative of g(t). Give s(4).
5
Let x(d) = -90*d - 20 + 91*d + 8. Determine x(12).
0
Let b(i) = i. Suppose -5*l - 1 = 4. Let c be (5 + -8)*(l - 0). Give b(c).
3
Suppose -2*i - 5 - 1 = 0. Let s(a) = a + 1. Let f be s(i). Let z(q) = -2*q**2 - 3*q - 2. What is z(f)?
-4
Let d(z) = -2*z - z**2 - 4*z**2 + z**3 + 2*z**2. Let h(o) = -o**3 + o**2 - o. Let q be h(1). Let x = q - -5. Determine d(x).
8
Let s(d) = d - 3. Let u be s(7). Let b(t) be the third derivative of 0*t + 0 + 5/6*t**3 + 1/24*t**u + t**2. Give b(-4).
1
Let r(z) = -z**2 - 3*z + 2. Let l = -15 + 12. What is r(l)?
2
Suppose 0 = 4*s - 9*s + 30. Suppose 0 = 2*w + b + s, -w - 13 - 1 = -5*b. Let r(n) = -n**3 - 5*n**2 - 3*n + 4. Determine r(w).
0
Let m(w) be the third derivative of -w**4/12 + w**3/6 - w**2. Suppose 3*b = -b + 16. Let p be -2 + b + (0 - -2). Calculate m(p).
-7
Let q(t) = 27 + 2*t**2 - 2*t - 28 - t**2. Give q(2).
-1
Let i(r) = -r**3 - 8*r**2 + 2*r + 11. Suppose 4*m + 3*p = 7*p + 24, -3*m - 2*p + 33 = 0. Let f = m + -17. Let w be i(f). Let u(v) = v - 4. Calculate u(w).
-9
Suppose -2*f + 20 = 5*m, -4*m = -3*f + 5*f - 18. Let q(o) = 0 - m*o + 3 + 4*o. Determine q(-5).
-7
Suppose 3*s - 15 = -2*s + 2*n, 0 = 2*s + 4*n - 6. Let p(f) = -s*f - 1 - 10*f + 5*f. Let q(i) = i**2 - 5*i - 5. Let z be q(6). Calculate p(z).
-9
Suppose 5*v = 5*x - 5, 5*v = -3*x + x + 9. Let m(j) be the second derivative of 1/2*j**2 + j + 0 - 1/10*j**5 + 0*j**4 + 0*j**3. What is m(v)?
-1
Suppose 3*y + 3 = 2*y. Let x be (-2)/y - 8/3. Let q(r) = -4*r - 2. Determine q(x).
6
Suppose c = 4*a + 11, 2*c - 3*a + a = -2. Let o(d) = d**3 + 5*d**2 + 2*d + 3. Determine o(c).
-7
Let z(x) = -x**3 - 12*x + 7*x**2 - 9*x**2 - 5*x**2 - 5*x**2 - 15. Determine z(-11).
-4
Let d(j) = -13 + 119*j + 4 - 121*j - 3. Calculate d(-8).
4
Let v(r) = r**3 + 7*r**2 + 6*r + 7. Suppose t = -3*t - 24. Calculate v(t).
7
Let y = -73 + 81. Let u(s) = 3*s - 10. What is u(y)?
14
Let h(u) be the second derivative of -u**3/6 + 3*u**2/2 + 156*u. Suppose -3*i - 2*s - 20 = -7*i, 0 = s - 2. Determine h(i).
-3
Let b(m) = 1. Let p(f) = -2*f**3 + 2*f**2 + f + 3. Let v(o) = 3*b(o) - p(o). Suppose 3*s - 2*h - 16 = 0, 0 = 4*s - 5*h - 23 - 10. Determine v(s).
6
Let o = -16 + 10. Let n(c) = -c**2 - 5*c - 4. What is n(o)?
-10
Suppose 0 = -5*z + z + 20. Let f(t) = 4*t**3 + 4*t**2 - t - 1. Let p(u) = -7*u**3 - 8*u**2 + u + 2. Let l(r) = z*f(r) + 3*p(r). Give l(-3).
-2
Let y(u) = u + 5. Let p be y(0). Let q = p - 1. Let l(i) = -q + i**2 + 4 + i**3 - 2. What is l(-2)?
-6
Let y(i) = -i**3 - 3*i**2 - 2*i. Let w be y(-2). Suppose -2*b = -w*b + 2. Let r(k) be the second derivative of k**3/6 + k**2/2 - k. What is r(b)?
0
Let m(a) = -a**3 - 4*a**2 - 2. Let b(l) = l**2 + 6*l + 5. Let x be b(-4). Give m(x).
-11
Let h(w) = 2*w**2 + 2*w - 2. Let k be (3 - -1)*2/(-4). Give h(k).
2
Let p be 0 - (-2 - (-1)/1). Let x = -16 + p. Let i be (-54)/10 + (-6)/x. Let a(t) = -t**3 - 4*t**2 + 6*t. What is a(i)?
-5
Let b(j) = 2*j + 9. Let x(f) = -f - 4. Let h(q) = 2*b(q) + 5*x(q). Let z be (8/6)/2*-3. Give h(z).
0
Suppose 4*v = 20 - 4. Let w be 14/v + (-2)/(-4). Suppose 12 = w*j - j. Let g(f) = -f**3 + 3*f**2 + 6*f - 3. Give g(j).
5
Let i(h) be the third derivative of h**5/60 - 5*h**4/24 - h**3/3 - 43*h**2. Let r be (-1)/((-1 - -2)/(-6)). Give i(r).
4
Suppose -4*y + 14 = -3*r, 3*r + 14 = 5*y + r. Suppose -6 = -5*k + y*k. Let u(d) = d**2 + 2*d - 3*d**2 - 4 + 3*d**k + 3*d. Give u(-6).
2
Let l = 15 + -9. Let q(h) = -h + 2 - 1 - h + l*h. Calculate q(1).
5
Suppose 37 - 34 = -3*n. Let a(w) = -w - 1. Give a(n).
0
Let m(c) = -4 - c**3 - 7*c + 4 - 6 - 7*c**2 + 0*c**3. Suppose -2*i = -5*p - 30, 2*p - 4*i = -0*p - 12. Give m(p).
0
Suppose -j + 0*l = -2*l, 0 = 3*l. Let u(m) = -5*m**2 + 17*m - 14*m + m**3 + j*m**3. Suppose -7 = -5*n + 13. What is u(n)?
-4
Let g(d) = -1 + 4 + 4*d - 5. Determine g(-4).
-18
Let h(u) = u**3 + 4*u**2 - 2*u + 5. Suppose -2*s = 1 + 7. Give h(s).
13
Suppose -5*i = -4*y - 2 + 4, i + 8 = -3*y. Let q be ((-6)/(-4))/(y/4). Let z(v) = v**2 + v - 2. Calculate z(q).
4
Suppose -20 = -b + 5*c - 3, 2*b = 4*c + 16. Suppose -4*o + b = -2. Let q(p) be the third derivative of p**6/40 + p**5/60 + 2*p**2. Determine q(o).
4
Let i(j) = 15 - 15 + 2*j. Give i(1).
2
Let z(r) be the first derivative of r**3/3 + r**2 - r + 3. Suppose -6 = -3*k - 0*k. Suppose -5*x = -k*u + 25, -2*u - 7 = 5*x - 2. Calculate z(x).
2
Let p(d) be the third derivative of d**4/24 + d**3/3 + 10*d**2. What is p(-2)?
0
Let r(u) = -u**2 - 4*u + 7. Let q(h) = -h**3 - 4*h**2 + h - 1. Let n be q(-4). Give r(n).
2
Let p(k) = k**2 + 5. Let u(a) = -3*a**2 - a - 11. Let z(l) = l**3 + 4*l**2 - 4*l + 7. Let x be z(-5). Let t(i) = x*u(i) + 5*p(i). Calculate t(-3).
0
Let j(y) be the third derivative of y**6/120 - 2*y**5/15 + 7*y**4/24 - y**3/6 + 5*y**2. Let g be j(7). Let x(a) = -3*a - 6*a + 3*a - 1. Calculate x(g).
5
Let r(t) = 5*t**2 + 11. Let q(o) = 9*o**2 + o + 21. Let n(s) = 6*q(s) - 11*r(s). Let k(l) = l**2 - l. Let a be k(3). Calculate n(a).
5
Let m(p) = -6*p**2 - p - 2. Let y(v) = -3*v**2 - 3 + 0 + 2. Let f(n) = 3*m(n) - 7*y(n). Let w = -18 - -20. Calculate f(w).
7
Let a be -5*(21/(-5))/(-7). Let i(h) = h**2 + 5*h - 3*h + 3*h. Determine i(a).
-6
Let r(z) = 0 + 3*z + 1 - 4*z. Suppose -3*y + 25 = -4*k, 4*y - 4*k + 0*k - 28 = 0. What is r(y)?
-2
Let q(x) = 2*x**2 + x. Let k = -4 - -6. Suppose 7*b = k*b + 10. Calculate q(b).
10
Let f(a) = -1 - 4*a - a + 4*a. Suppose -3*c = 9, -c + 15 = 3*s - 3*c. Let v be 22/(-33) + 17/s. Give f(v).
-6
Let u(b) = 5*b**2 + b**3 + 1 + 3 + b**2. Determine u(-6).
4
Let r(k) be the third derivative of -k**5/60 - k**3/6 - 34*k**2. Determine r(0).
-1
Let w(n) = -5*n**3 + 4 - 7*n**3 + 2*n**2 - 5. Determine w(-1).
13
Let b be (-3 + 2)/((-1)/(-5)). Let u(q) = -5*q**3 + 4*q**2 - 20*q + 26. Let w(o) = -2*o**3 + o**2 - 7*o + 9. Let f(x) = -3*u(x) + 8*w(x). Give f(b).
-1
Let l(c) = -6*c - 3*c**2 - 5*c**2 + 4*c**2 + 3*c**2 - 5. Let z be -1 + -3 + 0/(-1). Calculate l(z).
3
Let l(x) = -4*x**2 + 3*x - 2. Let a(t) = 5*t**2 - 4*t + 2. Let s(z) = 3*a(z) + 4*l(z). Suppose 0 = -3*h - 5*k - 16, -6*k + k - 4 = -3*h. Determine s(h).
-6
Let n = 4 + -8. Let o(d) be the third derivative of -1/24*d**4 + 5*d**2 + 0 + 0*d - 1/2*d**3. What is o(n)?
1
Let i be (2/(-4))/(1/6). Let j(c) be the second derivative of c**5/20 + c**4/4 - c**3/2 - c**2 + 3*c. Calculate j(i).
7
Let x(f) = -11*f**2 + 4*f + 9. Let h(n) = -4*n**2 + n + 3. Let q(u) = 8*h(u) - 3*x(u). What is q(4)?
-3
Let y = 4 + -2. Let j = y + 0. Let k(q) = 7*q**3 - q + 0*q**j + 0*q + 0*q**2. Give k(1).
6
Let a = 2/363 - -101/3630. Let o(n) be the third derivative of -a*n**6 + 0*n**3 + 0*n**4 + 0 + 0*n + 0*n**5 + 2*n**2. Give o(1).
-4
Let f(r) be the second derivative of r**4/12 - 4*r**3/3 + 3*r**2/2 - 13*r. Determine f(5).
-12
Let k(r) be the first derivative of 2*r**3/3 + 9*r**2/2 - 7*r - 2. Let a(s) = -3*s**2 + 6 + 8 - 17*s - 1. Let o(d) = -3*a(d) - 5*k(d). Calculate o(3).
5
Let z(s) = -s**2 - 11*s - 10. Let f = 7 + 0. Let k(x) be the first derivative of x**3/3 + 6*x**2 + 11*x + 12. Let w(g) = f*z(g) + 6*k(g). Calculate w(-4).
0
Let v(u) be the third derivative of u**7/840 - u**6/360 - u**5/60 - u**4/8 - 5*u**3/6 - 4*u**2. Let y(r) be the first derivative of v(r). Give y(3).
9
Let h(v) = -4*v - 7. Let u(i) = 9*i + 17. Let m(o) = 18*o + 33. Let k(f) = -3*m(f) + 5*u(f). Let p(l) = 5*h(l) - 2*k(l). Give p(-5).
3
Let r(m) = -m - 4. Let f(u) = -u - 3. Let t(x) = 4*f(x) - 3*r(x). Give t(3).
-3
Suppose 0 = -6*g + 4*g - 2. Let p(x) = 6*x**3 + 7*x**2 - 5*x - 1. Let y(c) = -c**2 + c. Let f(n) = g*p(n) - 5*y(n). Determine f(1).
-7
Let s(j) = j**3 + 2*j**2 + 2*j. Let u = 3 